{"id":147,"date":"2014-05-15T08:22:10","date_gmt":"2014-05-15T08:22:10","guid":{"rendered":"http:\/\/inspiracjacatering.pl\/?page_id=147"},"modified":"2014-05-15T19:00:49","modified_gmt":"2014-05-15T19:00:49","slug":"147-2","status":"publish","type":"page","link":"https:\/\/inspiracjacatering.pl\/?page_id=147","title":{"rendered":"Menu okoliczno\u015bciowe"},"content":{"rendered":"<p>&nbsp;<\/p>\n<p style=\"text-align: center;\"><strong>INSPIRACJA CATERING<\/strong><\/p>\n<p style=\"text-align: center;\"><strong>\u0141ukasz Wasilewski<\/strong><\/p>\n<p style=\"text-align: center;\"><strong>Tel.kont. 502293097<\/strong><\/p>\n<p><strong>\u00a0<\/strong><\/p>\n<p style=\"text-align: center;\"><strong>MENU OKOLICZNO\u015aCIOWE<\/strong><\/p>\n<p><span style=\"font-style: italic;\">Poni\u017csze menu stanowi tylko propozycj\u0119- mo\u017cna je dowolnie modyfikowa\u0107 wed\u0142ug w\u0142asnych gust\u00f3w i upodoba\u0144. U\u0142o\u017cenie ostatecznego menu, kt\u00f3re w pe\u0142ni zaspokoi Pa\u0144stwa oczekiwania, nast\u0119puje w trakcie szczeg\u00f3\u0142owego omawiania imprezy. Cena uzale\u017cniona jest od ostatecznego menu oraz od liczby go\u015bci (przy wi\u0119kszej ilo\u015bci os\u00f3b mo\u017cliwa negocjacja ceny).Serdecznie zach\u0119camy do skorzystania z naszej oferty. W razie jakichkolwiek pyta\u0144 i w\u0105tpliwo\u015bci prosimy o kontakt telefoniczny (502293097) lub mailowy (catering@inspiracjacatering.pl).<\/span><\/p>\n<p>&nbsp;<\/p>\n<p><strong>Data:\u00a0\u00a0\u00a0\u00a0\u00a0\u00a0\u00a0\u00a0\u00a0\u00a0\u00a0\u00a0\u00a0\u00a0\u00a0\u00a0\u00a0\u00a0\u00a0\u00a0\u00a0\u00a0\u00a0\u00a0\u00a0\u00a0\u00a0\u00a0 Godzina:\u00a0\u00a0\u00a0\u00a0\u00a0\u00a0\u00a0\u00a0\u00a0\u00a0\u00a0\u00a0\u00a0\u00a0\u00a0\u00a0\u00a0\u00a0\u00a0\u00a0\u00a0\u00a0\u00a0\u00a0\u00a0\u00a0 Ilo\u015b\u0107 os\u00f3b:<\/strong><\/p>\n<p><strong>\u00a0<\/strong><\/p>\n<p><strong>KOLACJA I<\/strong><\/p>\n<p>-Stek a\u2019la Nilsen (filet drobiowy otulony pieczarkami i papryk\u0105, zapiekany pod serem)<\/p>\n<p>-Rolada z karczku zawijana z nadzieniem po starpolsku, z dodatkiem ciemnego sosu<\/p>\n<p>-Schab po grecku panierowany, nadziewany pieczarkami i serem<\/p>\n<p>-Stek Kalifornia zapiekany z ananasem i brzoskwini\u0105<\/p>\n<p>&nbsp;<\/p>\n<p><strong>Dodatki<\/strong><\/p>\n<p>-Ziemniaki przebijane z mase\u0142kiem<\/p>\n<p>-Kluski \u015bl\u0105skie<\/p>\n<p>&nbsp;<\/p>\n<p><strong>Sur\u00f3wki<\/strong><\/p>\n<p>-Bia\u0142a kapusta z tart\u0105 marchewk\u0105<\/p>\n<p>-Kapusta peki\u0144ska z warzywami<\/p>\n<p>-Buraki siekane z cebulk\u0105<\/p>\n<p>&nbsp;<\/p>\n<p><strong>ZIMNE PRZEK\u0104SKI UK\u0141ADANE NA P\u00d3\u0141MISKACH<\/strong><\/p>\n<p>&nbsp;<\/p>\n<p><strong>Mi\u0119sa pieczone<\/strong><\/p>\n<p>&#8211; Karczek z m\u0142odego wieprzka marynowany w zio\u0142ach<\/p>\n<p>-Schab szpikowany \u015bliwk\u0105, morel\u0105 i daktylami<\/p>\n<p>-Pasztet pieczony, polany bor\u00f3wkami<\/p>\n<p>-Rolada z karczku nadziana pikantnym ciwabcici<\/p>\n<p>-Schab bejcowany w marynacie zio\u0142owo-czosnkowej<\/p>\n<p>&nbsp;<\/p>\n<p><strong>P\u0142yty z rozmaito\u015bciami podawane na stole szwedzkim<\/strong><\/p>\n<p>-Sakiewki z ciasta filo kanaki z nadzieniem z kurczaka i podgrzybk\u00f3w<\/p>\n<p>-Kruche babeczki nape\u0142nione sa\u0142atk\u0105 islandzk\u0105<\/p>\n<p>-Volavente z dodatkiem sera bazyliowego z nut\u0105 \u0142ososia w\u0119dzonego<\/p>\n<p>-Koreczki ze \u015bliwki kalifornijskiej owini\u0119tej w boczku<\/p>\n<p>-Mini grzanki otulone serkiem zio\u0142owym wzbogacone pikantym salami<\/p>\n<p>-Tartinki z chleba wieloziarnistego z gwiazdk\u0105 serow\u0105, szynk\u0105 i warzywami<\/p>\n<p>-Tortilla pomidorowa z nadzieniem meksyka\u0144skim w towarzystwie rukoli<\/p>\n<p>-Mini szasz\u0142yki drobiowe bejcowane w sosie BBQ przek\u0142adane \u015bliwk\u0105<\/p>\n<p>&nbsp;<\/p>\n<p><strong>SA\u0141ATKI Podawane w miskach na sto\u0142ach<\/strong><\/p>\n<p>-Sa\u0142atka Cezar- mix sa\u0142at z warzywami i grillowanym kurczakiem, oblana sosem koktailowym<\/p>\n<p>-Sa\u0142atka Szefa z selerem, szynk\u0105 i warzywami, zdobiona jajkiem<\/p>\n<p>&nbsp;<\/p>\n<p><strong>KOLACJA II Podawana w podgrzewaczach<\/strong><\/p>\n<p>-Pa\u0142ki z kurczaka pieczone, marynowane w zio\u0142ach<\/p>\n<p>-Makaron penne z kurczakiem i pomidorami, oblany pesto bazyliowym<\/p>\n<p>-Flaki wo\u0142owe podawane w kocio\u0142ku<\/p>\n<p>-Ziemniaki pieczone posypane zio\u0142ami<\/p>\n<p>&nbsp;<\/p>\n<p><strong>Napoje i woda- 1,5 l na osob\u0119<\/strong><\/p>\n<p><strong>Kawa i herbata na stole szwedzkim podawana bez ogranicze\u0144<\/strong><\/p>\n<p><strong>Pieczywo<\/strong><\/p>\n<p><strong>S\u0142odki deser- ciasta i ciasteczka serwowane na stole szwedzkim<\/strong><\/p>\n<p><strong>\u00a0<\/strong><\/p>\n<p><strong>W cen\u0119 wliczono obs\u0142ug\u0119 kelnersk\u0105, zastaw\u0119 oraz bielizn\u0119 sto\u0142ow\u0105, transport.<\/strong><\/p>\n<p><strong>\u00a0<\/strong><\/p>\n","protected":false},"excerpt":{"rendered":"<p>&nbsp; INSPIRACJA CATERING \u0141ukasz Wasilewski Tel.kont. 502293097 \u00a0 MENU OKOLICZNO\u015aCIOWE Poni\u017csze menu stanowi tylko propozycj\u0119- mo\u017cna je dowolnie modyfikowa\u0107 wed\u0142ug w\u0142asnych gust\u00f3w i upodoba\u0144. U\u0142o\u017cenie ostatecznego menu, kt\u00f3re w pe\u0142ni zaspokoi Pa\u0144stwa oczekiwania, nast\u0119puje w trakcie szczeg\u00f3\u0142owego omawiania imprezy. Cena uzale\u017cniona jest od ostatecznego menu oraz od liczby go\u015bci (przy wi\u0119kszej ilo\u015bci os\u00f3b mo\u017cliwa negocjacja<\/p>\n","protected":false},"author":2,"featured_media":0,"parent":37,"menu_order":11,"comment_status":"closed","ping_status":"closed","template":"","meta":{"footnotes":""},"aioseo_notices":[],"_links":{"self":[{"href":"https:\/\/inspiracjacatering.pl\/index.php?rest_route=\/wp\/v2\/pages\/147"}],"collection":[{"href":"https:\/\/inspiracjacatering.pl\/index.php?rest_route=\/wp\/v2\/pages"}],"about":[{"href":"https:\/\/inspiracjacatering.pl\/index.php?rest_route=\/wp\/v2\/types\/page"}],"author":[{"embeddable":true,"href":"https:\/\/inspiracjacatering.pl\/index.php?rest_route=\/wp\/v2\/users\/2"}],"replies":[{"embeddable":true,"href":"https:\/\/inspiracjacatering.pl\/index.php?rest_route=%2Fwp%2Fv2%2Fcomments&post=147"}],"version-history":[{"count":7,"href":"https:\/\/inspiracjacatering.pl\/index.php?rest_route=\/wp\/v2\/pages\/147\/revisions"}],"predecessor-version":[{"id":156,"href":"https:\/\/inspiracjacatering.pl\/index.php?rest_route=\/wp\/v2\/pages\/147\/revisions\/156"}],"up":[{"embeddable":true,"href":"https:\/\/inspiracjacatering.pl\/index.php?rest_route=\/wp\/v2\/pages\/37"}],"wp:attachment":[{"href":"https:\/\/inspiracjacatering.pl\/index.php?rest_route=%2Fwp%2Fv2%2Fmedia&parent=147"}],"curies":[{"name":"wp","href":"https:\/\/api.w.org\/{rel}","templated":true}]}}

Menu okolicznościowe

<p>&nbsp;</p>
<p style="text-align: center;"><strong>INSPIRACJA CATERING</strong></p>
<p style="text-align: center;"><strong>Łukasz Wasilewski</strong></p>
<p style="text-align: center;"><strong>Tel.kont. 502293097</strong></p>
<p><strong> </strong></p>
<p style="text-align: center;"><strong>MENU OKOLICZNOŚCIOWE</strong></p>
<p><span style="font-style: italic;">Poniższe menu stanowi tylko propozycję- można je dowolnie modyfikować według własnych gustów i upodobań. Ułożenie ostatecznego menu, które w pełni zaspokoi Państwa oczekiwania, następuje w trakcie szczegółowego omawiania imprezy. Cena uzależniona jest od ostatecznego menu oraz od liczby gości (przy większej ilości osób możliwa negocjacja ceny).Serdecznie zachęcamy do skorzystania z naszej oferty. W razie jakichkolwiek pytań i wątpliwości prosimy o kontakt telefoniczny (502293097) lub mailowy (catering@inspiracjacatering.pl).</span></p>
<p>&nbsp;</p>
<p><strong>Data:                             Godzina:                           Ilość osób:</strong></p>
<p><strong> </strong></p>
<p><strong>KOLACJA I</strong></p>
<p>-Stek a’la Nilsen (filet drobiowy otulony pieczarkami i papryką, zapiekany pod serem)</p>
<p>-Rolada z karczku zawijana z nadzieniem po starpolsku, z dodatkiem ciemnego sosu</p>
<p>-Schab po grecku panierowany, nadziewany pieczarkami i serem</p>
<p>-Stek Kalifornia zapiekany z ananasem i brzoskwinią</p>
<p>&nbsp;</p>
<p><strong>Dodatki</strong></p>
<p>-Ziemniaki przebijane z masełkiem</p>
<p>-Kluski śląskie</p>
<p>&nbsp;</p>
<p><strong>Surówki</strong></p>
<p>-Biała kapusta z tartą marchewką</p>
<p>-Kapusta pekińska z warzywami</p>
<p>-Buraki siekane z cebulką</p>
<p>&nbsp;</p>
<p><strong>ZIMNE PRZEKĄSKI UKŁADANE NA PÓŁMISKACH</strong></p>
<p>&nbsp;</p>
<p><strong>Mięsa pieczone</strong></p>
<p>&#8211; Karczek z młodego wieprzka marynowany w ziołach</p>
<p>-Schab szpikowany śliwką, morelą i daktylami</p>
<p>-Pasztet pieczony, polany borówkami</p>
<p>-Rolada z karczku nadziana pikantnym ciwabcici</p>
<p>-Schab bejcowany w marynacie ziołowo-czosnkowej</p>
<p>&nbsp;</p>
<p><strong>Płyty z rozmaitościami podawane na stole szwedzkim</strong></p>
<p>-Sakiewki z ciasta filo kanaki z nadzieniem z kurczaka i podgrzybków</p>
<p>-Kruche babeczki napełnione sałatką islandzką</p>
<p>-Volavente z dodatkiem sera bazyliowego z nutą łososia wędzonego</p>
<p>-Koreczki ze śliwki kalifornijskiej owiniętej w boczku</p>
<p>-Mini grzanki otulone serkiem ziołowym wzbogacone pikantym salami</p>
<p>-Tartinki z chleba wieloziarnistego z gwiazdką serową, szynką i warzywami</p>
<p>-Tortilla pomidorowa z nadzieniem meksykańskim w towarzystwie rukoli</p>
<p>-Mini szaszłyki drobiowe bejcowane w sosie BBQ przekładane śliwką</p>
<p>&nbsp;</p>
<p><strong>SAŁATKI Podawane w miskach na stołach</strong></p>
<p>-Sałatka Cezar- mix sałat z warzywami i grillowanym kurczakiem, oblana sosem koktailowym</p>
<p>-Sałatka Szefa z selerem, szynką i warzywami, zdobiona jajkiem</p>
<p>&nbsp;</p>
<p><strong>KOLACJA II Podawana w podgrzewaczach</strong></p>
<p>-Pałki z kurczaka pieczone, marynowane w ziołach</p>
<p>-Makaron penne z kurczakiem i pomidorami, oblany pesto bazyliowym</p>
<p>-Flaki wołowe podawane w kociołku</p>
<p>-Ziemniaki pieczone posypane ziołami</p>
<p>&nbsp;</p>
<p><strong>Napoje i woda- 1,5 l na osobę</strong></p>
<p><strong>Kawa i herbata na stole szwedzkim podawana bez ograniczeń</strong></p>
<p><strong>Pieczywo</strong></p>
<p><strong>Słodki deser- ciasta i ciasteczka serwowane na stole szwedzkim</strong></p>
<p><strong> </strong></p>
<p><strong>W cenę wliczono obsługę kelnerską, zastawę oraz bieliznę stołową, transport.</strong></p>
<p><strong> </strong></p>

<p>&nbsp; INSPIRACJA CATERING Łukasz Wasilewski Tel.kont. 502293097   MENU OKOLICZNOŚCIOWE Poniższe menu stanowi tylko propozycję- można je dowolnie modyfikować według własnych gustów i upodobań. Ułożenie ostatecznego menu, które w pełni zaspokoi Państwa oczekiwania, następuje w trakcie szczegółowego omawiania imprezy. Cena uzależniona jest od ostatecznego menu oraz od liczby gości (przy większej ilości osób możliwa negocjacja</p>
