{"id":24,"date":"2014-04-26T19:01:02","date_gmt":"2014-04-26T19:01:02","guid":{"rendered":"http:\/\/inspiracjacatering.pl\/?page_id=24"},"modified":"2014-09-17T14:02:40","modified_gmt":"2014-09-17T14:02:40","slug":"menu-plenerowe-propozycja-iii","status":"publish","type":"page","link":"https:\/\/inspiracjacatering.pl\/?page_id=24","title":{"rendered":"Menu plenerowe propozycja III"},"content":{"rendered":"<p style=\"text-align: center;\"><strong>INSPIRACJA CATERING<\/strong><\/p>\n<p style=\"text-align: center;\"><strong>\u0141UKASZ WASILEWSKI<\/strong><\/p>\n<p style=\"text-align: center;\"><strong>Telefon kontaktowy 502293097<\/strong><\/p>\n<p>&nbsp;<\/p>\n<p style=\"text-align: center;\"><strong>MENU PLENEROWE III<\/strong><\/p>\n<p>&nbsp;<\/p>\n<p>Poni\u017csze menu stanowi tylko propozycj\u0119- mo\u017cna je dowolnie modyfikowa\u0107 wed\u0142ug w\u0142asnych gust\u00f3w i upodoba\u0144. U\u0142o\u017cenie ostatecznego menu, kt\u00f3re w pe\u0142ni zaspokoi Pa\u0144stwa oczekiwania, nast\u0119puje w trakcie szczeg\u00f3\u0142owego omawiania imprezy. Cena uzale\u017cniona jest od ostatecznego menu oraz od liczby go\u015bci (przy wi\u0119kszej ilo\u015bci os\u00f3b mo\u017cliwa negocjacja ceny).Serdecznie zach\u0119camy do skorzystania z naszej oferty. W razie jakichkolwiek pyta\u0144 i w\u0105tpliwo\u015bci prosimy o kontakt telefoniczny (502293097) lub mailowy (catering@inspiracjacatering.pl).<\/p>\n<p>&nbsp;<\/p>\n<p>Data \u00a0 \u00a0 \u00a0 \u00a0 \u00a0 \u00a0 \u00a0 \u00a0 \u00a0 \u00a0 \u00a0 \u00a0 \u00a0 \u00a0 \u00a0 \u00a0 \u00a0 \u00a0 \u00a0 \u00a0 \u00a0Godz \u00a0 \u00a0 \u00a0 \u00a0 \u00a0 \u00a0 \u00a0 \u00a0 \u00a0 \u00a0 \u00a0 \u00a0 \u00a0 \u00a0 \u00a0 \u00a0 \u00a0 \u00a0 \u00a0 \u00a0 \u00a0 \u00a0 Ilo\u015b\u0107 os\u00f3b<\/p>\n<p>&nbsp;<\/p>\n<p><strong>Dania pieczone na grillu:<\/strong><\/p>\n<p>-Karczek marynowany w zaprawie zio\u0142owo-czosnkowej<\/p>\n<p>-\u017beberka bejcowane w zalewie musztardowo-miodowej, skropione \u017cubr\u00f3wk\u0105<\/p>\n<p>-Pa\u0142ki z kurczaka opr\u00f3szone zio\u0142ami z nut\u0105 curry<\/p>\n<p>-Kie\u0142basa podwawelska<\/p>\n<p>-Filet z indyka oblany pomidorowym pelati, otulony aromatyczn\u0105 bazyli\u0105<\/p>\n<p>-Ziemniaki pieczone z tzatzikami<\/p>\n<p>-Bagietki pieczone<\/p>\n<p>-\u0141oso\u015b pieczony z mase\u0142kiem zio\u0142owo-czosnkowym<\/p>\n<p>&nbsp;<\/p>\n<p><strong>Dania gor\u0105ce podawane w kocio\u0142kach:<\/strong><\/p>\n<p>-Groch\u00f3wka gotowana na w\u0119dzonych \u017ceberkach<\/p>\n<p>-Zupa gulaszowa w\u0119gierska z mini kluseczkami<\/p>\n<p>-Piecze\u0144 z karczku w towarzystwie pieczarek polanych \u015bmietan\u0105<\/p>\n<p>&nbsp;<\/p>\n<p><strong>Bar sa\u0142atkowy<\/strong><\/p>\n<p>-Sa\u0142atka Caprese- mozzarella przek\u0142adana z pomidorami, skropiona pesto bazyliowym<\/p>\n<p>-Sa\u0142atka Kojot na sa\u0142acie lodowej z brzoskwini\u0105 i ananasem, polana sosem koktajlowym z nut\u0105 chilli, obsypana grillowanym kurczakiem<\/p>\n<p>-Sa\u0142atka z pomidor\u00f3w opr\u00f3szona cebulk\u0105<\/p>\n<p>&nbsp;<\/p>\n<p><strong>Dodatki<\/strong><\/p>\n<p>-Dipy- tzatziki, salsa, musztarda, ketchup, chrzan<\/p>\n<p>-Chleb wiejski<\/p>\n<p>-Smalec i og\u00f3rki kiszone<\/p>\n<p>&nbsp;<\/p>\n<p>-Piwo z beczki<\/p>\n<p>-Napoje i woda<\/p>\n<p>-Kawa, herbata z dodatkami (cukier, mleko, cytryna) bez limitu<\/p>\n<p>&nbsp;<\/p>\n<p>&nbsp;<\/p>\n<p>W cen\u0119 wliczono:<\/p>\n<p>-Naczynia jednorazowe<\/p>\n<p>-Obs\u0142ug\u0119 techniczn\u0105 i kelnersk\u0105<\/p>\n<p>-Bielizn\u0119 sto\u0142ow\u0105 na sto\u0142y szwedzkie<\/p>\n<p>-Sto\u0142y, \u0142awki, parasole<\/p>\n<p>-Podgrzewacze na sto\u0142y szwedzkie<\/p>\n<p>-Grille i sto\u0142y do przygotowania bufet\u00f3w szwedzkich<\/p>\n<p>-Zapewniamy ch\u0142odni\u0119<\/p>\n<p>&nbsp;<\/p>\n<p>Ponadto mo\u017cliwo\u015b\u0107 zam\u00f3wienia dodatkowych us\u0142ug<\/p>\n<p>(w zale\u017cno\u015bci od ilo\u015bci os\u00f3b)<\/p>\n<p>-Oprawa muzyczna (DJ lub zesp\u00f3\u0142 muzyczny)<\/p>\n<p>-Dmuchane zamki, zje\u017cd\u017calnie, pi\u0142karzyki itp.<\/p>\n<p>-Animatorzy dla dzieci<\/p>\n<p>-Wata cukrowa, popcorn, kukurydza gotowana, nale\u015bniki, lody, gofry<\/p>\n<p>-Gotowanie z dzie\u0107mi<\/p>\n<p>-Rysownicy portret\u00f3w i karykatur<\/p>\n<p>-Przygotowanie placu do gry w pi\u0142k\u0119 no\u017cn\u0105, siatk\u00f3wk\u0119 lub badmintona<\/p>\n<p>-Dekoracja terenu zwi\u0105zana z tematyk\u0105 imprezy<\/p>\n<p>-Scena, nag\u0142o\u015bnienie<\/p>\n<p>-Namioty w zale\u017cno\u015bci od ilo\u015bci os\u00f3b<\/p>\n","protected":false},"excerpt":{"rendered":"<p>INSPIRACJA CATERING \u0141UKASZ WASILEWSKI Telefon kontaktowy 502293097 &nbsp; MENU PLENEROWE III &nbsp; Poni\u017csze menu stanowi tylko propozycj\u0119- mo\u017cna je dowolnie modyfikowa\u0107 wed\u0142ug w\u0142asnych gust\u00f3w i upodoba\u0144. U\u0142o\u017cenie ostatecznego menu, kt\u00f3re w pe\u0142ni zaspokoi Pa\u0144stwa oczekiwania, nast\u0119puje w trakcie szczeg\u00f3\u0142owego omawiania imprezy. Cena uzale\u017cniona jest od ostatecznego menu oraz od liczby go\u015bci (przy wi\u0119kszej ilo\u015bci os\u00f3b<\/p>\n","protected":false},"author":1,"featured_media":0,"parent":242,"menu_order":8,"comment_status":"closed","ping_status":"closed","template":"","meta":{"footnotes":""},"aioseo_notices":[],"_links":{"self":[{"href":"https:\/\/inspiracjacatering.pl\/index.php?rest_route=\/wp\/v2\/pages\/24"}],"collection":[{"href":"https:\/\/inspiracjacatering.pl\/index.php?rest_route=\/wp\/v2\/pages"}],"about":[{"href":"https:\/\/inspiracjacatering.pl\/index.php?rest_route=\/wp\/v2\/types\/page"}],"author":[{"embeddable":true,"href":"https:\/\/inspiracjacatering.pl\/index.php?rest_route=\/wp\/v2\/users\/1"}],"replies":[{"embeddable":true,"href":"https:\/\/inspiracjacatering.pl\/index.php?rest_route=%2Fwp%2Fv2%2Fcomments&post=24"}],"version-history":[{"count":2,"href":"https:\/\/inspiracjacatering.pl\/index.php?rest_route=\/wp\/v2\/pages\/24\/revisions"}],"predecessor-version":[{"id":124,"href":"https:\/\/inspiracjacatering.pl\/index.php?rest_route=\/wp\/v2\/pages\/24\/revisions\/124"}],"up":[{"embeddable":true,"href":"https:\/\/inspiracjacatering.pl\/index.php?rest_route=\/wp\/v2\/pages\/242"}],"wp:attachment":[{"href":"https:\/\/inspiracjacatering.pl\/index.php?rest_route=%2Fwp%2Fv2%2Fmedia&parent=24"}],"curies":[{"name":"wp","href":"https:\/\/api.w.org\/{rel}","templated":true}]}}