{"id":259,"date":"2014-11-03T13:14:21","date_gmt":"2014-11-03T13:14:21","guid":{"rendered":"http:\/\/inspiracjacatering.pl\/?page_id=259"},"modified":"2014-11-03T13:14:25","modified_gmt":"2014-11-03T13:14:25","slug":"menu-wigilijne-ii","status":"publish","type":"page","link":"https:\/\/inspiracjacatering.pl\/?page_id=259","title":{"rendered":"Menu wigilijne II"},"content":{"rendered":"<p align=\"CENTER\"><span style=\"font-family: 'Comic Sans MS', serif;\"><span style=\"font-size: medium;\"><b>INSPIRACJA CATERING<\/b><\/span><\/span><\/p>\n<p align=\"CENTER\"><span style=\"font-family: 'Comic Sans MS', serif;\"><span style=\"font-size: medium;\"><b>\u0141ukasz Wasilewski<\/b><\/span><\/span><\/p>\n<p align=\"CENTER\"><span style=\"font-family: 'Comic Sans MS', serif;\"><span style=\"font-size: medium;\"><b>Tel.kont. 502293097<\/b><\/span><\/span><\/p>\n<p align=\"CENTER\"><span style=\"font-family: 'Comic Sans MS', serif;\"><span style=\"font-size: medium;\"><span lang=\"pl-PL\"><b>MENU W<\/b><\/span><\/span><\/span><span style=\"font-family: 'Comic Sans MS', serif;\"><span lang=\"pl-PL\"><b>IGILIJNE<\/b><\/span><\/span><\/p>\n<p align=\"CENTER\"><span style=\"font-family: 'Comic Sans MS', serif;\"><b>Propozycja II<\/b><\/span><\/p>\n<p align=\"LEFT\"><span style=\"font-family: 'Comic Sans MS', cursive;\"><span style=\"font-size: small;\"><i>Poni\u017csze menu stanowi tylko propozycj\u0119- mo\u017cna je dowolnie modyfikowa\u0107 wed\u0142ug w\u0142asnych gust\u00f3w i upodoba\u0144. U\u0142o\u017cenie ostatecznego menu, kt\u00f3re w pe\u0142ni zaspokoi Pa\u0144stwa oczekiwania, nast\u0119puje w trakcie szczeg\u00f3\u0142owego omawiania imprezy. Cena uzale\u017cniona jest od ostatecznego menu oraz od liczby go\u015bci (przy wi\u0119kszej ilo\u015bci os\u00f3b mo\u017cliwa negocjacja ceny).Serdecznie zach\u0119camy do skorzystania z naszej oferty. <\/i><\/span><\/span><\/p>\n<p align=\"LEFT\"><span style=\"font-family: 'Comic Sans MS', cursive;\"><span style=\"font-size: small;\"><i>W razie jakichkolwiek pyta\u0144 i w\u0105tpliwo\u015bci prosimy o kontakt telefoniczny (502293097) lub mailowy (catering@inspiracjacatering.pl).<\/i><\/span><\/span><\/p>\n<p align=\"LEFT\"><span style=\"font-family: 'Comic Sans MS', serif;\"><span style=\"font-size: medium;\"><b>OBIAD<\/b><\/span><\/span><\/p>\n<p align=\"LEFT\"><span style=\"font-family: 'Comic Sans MS', serif;\"><span style=\"font-size: medium;\">-Zupa grzybowa z lanymi kluseczkami, opr\u00f3szona tymiankiem<\/span><\/span><\/p>\n<p align=\"LEFT\"><span style=\"font-family: 'Comic Sans MS', serif;\"><span style=\"font-size: medium;\">-Filet z morszczuka panierowany w ziarnach dyni i s\u0142onecznika oblany sosem ma\u015blano-cytrynowym z brzoskwini\u0105 i bor\u00f3wkami, podawany z ry\u017cem zaprawianym kurkum\u0105 oraz miksem sa\u0142at<\/span><\/span><\/p>\n<p align=\"LEFT\"><span style=\"font-family: 'Comic Sans MS', serif;\"><span style=\"font-size: medium;\">-Piero\u017cki z kapust\u0105 i grzybami oblane rumian\u0105 cebulk\u0105<\/span><\/span><\/p>\n<p align=\"LEFT\"><span style=\"font-family: 'Comic Sans MS', serif;\"><span style=\"font-size: medium;\">-Sa\u0142atka \u015bledziowa<\/span><\/span><\/p>\n<p align=\"LEFT\"><span style=\"font-family: 'Comic Sans MS', serif;\"><span style=\"font-size: medium;\"><b>DESER<\/b><\/span><\/span><\/p>\n<p align=\"LEFT\"><span style=\"font-family: 'Comic Sans MS', serif;\"><span style=\"font-size: medium;\">-Kutia z bakaliami<\/span><\/span><\/p>\n<p align=\"LEFT\"><span style=\"font-family: 'Comic Sans MS', serif;\"><span style=\"font-size: medium;\">-Kruche babeczki z owocami polane musem malinowym<\/span><\/span><\/p>\n<p align=\"LEFT\"><span style=\"font-family: 'Comic Sans MS', serif;\"><span style=\"font-size: medium;\"><b>NAPOJE<\/b><\/span><\/span><\/p>\n<p align=\"LEFT\"><span style=\"font-family: 'Comic Sans MS', serif;\"><span style=\"font-size: medium;\">-Kompot z suszu- 0,3l\/os<\/span><\/span><\/p>\n<p align=\"LEFT\"><span style=\"font-family: 'Comic Sans MS', serif;\"><span style=\"font-size: medium;\">-Napoje i woda- 0,5l\/os<\/span><\/span><\/p>\n<p align=\"LEFT\"><span style=\"font-family: 'Comic Sans MS', serif;\"><span style=\"font-size: medium;\">-Kawa i herbata z dodatkami (cukier, mleko, cytryna) bez limitu<\/span><\/span><\/p>\n<p align=\"LEFT\"><span style=\"font-family: 'Comic Sans MS', serif;\"><span style=\"font-size: medium;\"><b>W cen\u0119 wliczono obs\u0142ug\u0119 kelnersk\u0105, zastaw\u0119 sto\u0142ow\u0105, obrusy, falbany, dekoracj\u0119 \u015bwi\u0105teczn\u0105 (stroiki, \u015bwiece, serwetki)<\/b><\/span><\/span><\/p>\n","protected":false},"excerpt":{"rendered":"<p>INSPIRACJA CATERING \u0141ukasz Wasilewski Tel.kont. 502293097 MENU WIGILIJNE Propozycja II Poni\u017csze menu stanowi tylko propozycj\u0119- mo\u017cna je dowolnie modyfikowa\u0107 wed\u0142ug w\u0142asnych gust\u00f3w i upodoba\u0144. U\u0142o\u017cenie ostatecznego menu, kt\u00f3re w pe\u0142ni zaspokoi Pa\u0144stwa oczekiwania, nast\u0119puje w trakcie szczeg\u00f3\u0142owego omawiania imprezy. Cena uzale\u017cniona jest od ostatecznego menu oraz od liczby go\u015bci (przy wi\u0119kszej ilo\u015bci os\u00f3b mo\u017cliwa negocjacja<\/p>\n","protected":false},"author":2,"featured_media":0,"parent":254,"menu_order":0,"comment_status":"closed","ping_status":"closed","template":"","meta":{"footnotes":""},"aioseo_notices":[],"_links":{"self":[{"href":"https:\/\/inspiracjacatering.pl\/index.php?rest_route=\/wp\/v2\/pages\/259"}],"collection":[{"href":"https:\/\/inspiracjacatering.pl\/index.php?rest_route=\/wp\/v2\/pages"}],"about":[{"href":"https:\/\/inspiracjacatering.pl\/index.php?rest_route=\/wp\/v2\/types\/page"}],"author":[{"embeddable":true,"href":"https:\/\/inspiracjacatering.pl\/index.php?rest_route=\/wp\/v2\/users\/2"}],"replies":[{"embeddable":true,"href":"https:\/\/inspiracjacatering.pl\/index.php?rest_route=%2Fwp%2Fv2%2Fcomments&post=259"}],"version-history":[{"count":2,"href":"https:\/\/inspiracjacatering.pl\/index.php?rest_route=\/wp\/v2\/pages\/259\/revisions"}],"predecessor-version":[{"id":261,"href":"https:\/\/inspiracjacatering.pl\/index.php?rest_route=\/wp\/v2\/pages\/259\/revisions\/261"}],"up":[{"embeddable":true,"href":"https:\/\/inspiracjacatering.pl\/index.php?rest_route=\/wp\/v2\/pages\/254"}],"wp:attachment":[{"href":"https:\/\/inspiracjacatering.pl\/index.php?rest_route=%2Fwp%2Fv2%2Fmedia&parent=259"}],"curies":[{"name":"wp","href":"https:\/\/api.w.org\/{rel}","templated":true}]}}

<p align="CENTER"><span style="font-family: 'Comic Sans MS', serif;"><span style="font-size: medium;"><b>INSPIRACJA CATERING</b></span></span></p>
<p align="CENTER"><span style="font-family: 'Comic Sans MS', serif;"><span style="font-size: medium;"><b>Łukasz Wasilewski</b></span></span></p>
<p align="CENTER"><span style="font-family: 'Comic Sans MS', serif;"><span style="font-size: medium;"><b>Tel.kont. 502293097</b></span></span></p>
<p align="CENTER"><span style="font-family: 'Comic Sans MS', serif;"><span style="font-size: medium;"><span lang="pl-PL"><b>MENU W</b></span></span></span><span style="font-family: 'Comic Sans MS', serif;"><span lang="pl-PL"><b>IGILIJNE</b></span></span></p>
<p align="CENTER"><span style="font-family: 'Comic Sans MS', serif;"><b>Propozycja II</b></span></p>
<p align="LEFT"><span style="font-family: 'Comic Sans MS', cursive;"><span style="font-size: small;"><i>Poniższe menu stanowi tylko propozycję- można je dowolnie modyfikować według własnych gustów i upodobań. Ułożenie ostatecznego menu, które w pełni zaspokoi Państwa oczekiwania, następuje w trakcie szczegółowego omawiania imprezy. Cena uzależniona jest od ostatecznego menu oraz od liczby gości (przy większej ilości osób możliwa negocjacja ceny).Serdecznie zachęcamy do skorzystania z naszej oferty. </i></span></span></p>
<p align="LEFT"><span style="font-family: 'Comic Sans MS', cursive;"><span style="font-size: small;"><i>W razie jakichkolwiek pytań i wątpliwości prosimy o kontakt telefoniczny (502293097) lub mailowy (catering@inspiracjacatering.pl).</i></span></span></p>
<p align="LEFT"><span style="font-family: 'Comic Sans MS', serif;"><span style="font-size: medium;"><b>OBIAD</b></span></span></p>
<p align="LEFT"><span style="font-family: 'Comic Sans MS', serif;"><span style="font-size: medium;">-Zupa grzybowa z lanymi kluseczkami, oprószona tymiankiem</span></span></p>
<p align="LEFT"><span style="font-family: 'Comic Sans MS', serif;"><span style="font-size: medium;">-Filet z morszczuka panierowany w ziarnach dyni i słonecznika oblany sosem maślano-cytrynowym z brzoskwinią i borówkami, podawany z ryżem zaprawianym kurkumą oraz miksem sałat</span></span></p>
<p align="LEFT"><span style="font-family: 'Comic Sans MS', serif;"><span style="font-size: medium;">-Pierożki z kapustą i grzybami oblane rumianą cebulką</span></span></p>
<p align="LEFT"><span style="font-family: 'Comic Sans MS', serif;"><span style="font-size: medium;">-Sałatka śledziowa</span></span></p>
<p align="LEFT"><span style="font-family: 'Comic Sans MS', serif;"><span style="font-size: medium;"><b>DESER</b></span></span></p>
<p align="LEFT"><span style="font-family: 'Comic Sans MS', serif;"><span style="font-size: medium;">-Kutia z bakaliami</span></span></p>
<p align="LEFT"><span style="font-family: 'Comic Sans MS', serif;"><span style="font-size: medium;">-Kruche babeczki z owocami polane musem malinowym</span></span></p>
<p align="LEFT"><span style="font-family: 'Comic Sans MS', serif;"><span style="font-size: medium;"><b>NAPOJE</b></span></span></p>
<p align="LEFT"><span style="font-family: 'Comic Sans MS', serif;"><span style="font-size: medium;">-Kompot z suszu- 0,3l/os</span></span></p>
<p align="LEFT"><span style="font-family: 'Comic Sans MS', serif;"><span style="font-size: medium;">-Napoje i woda- 0,5l/os</span></span></p>
<p align="LEFT"><span style="font-family: 'Comic Sans MS', serif;"><span style="font-size: medium;">-Kawa i herbata z dodatkami (cukier, mleko, cytryna) bez limitu</span></span></p>
<p align="LEFT"><span style="font-family: 'Comic Sans MS', serif;"><span style="font-size: medium;"><b>W cenę wliczono obsługę kelnerską, zastawę stołową, obrusy, falbany, dekorację świąteczną (stroiki, świece, serwetki)</b></span></span></p>

<p>INSPIRACJA CATERING Łukasz Wasilewski Tel.kont. 502293097 MENU WIGILIJNE Propozycja II Poniższe menu stanowi tylko propozycję- można je dowolnie modyfikować według własnych gustów i upodobań. Ułożenie ostatecznego menu, które w pełni zaspokoi Państwa oczekiwania, następuje w trakcie szczegółowego omawiania imprezy. Cena uzależniona jest od ostatecznego menu oraz od liczby gości (przy większej ilości osób możliwa negocjacja</p>
