{"id":262,"date":"2014-11-03T13:16:36","date_gmt":"2014-11-03T13:16:36","guid":{"rendered":"http:\/\/inspiracjacatering.pl\/?page_id=262"},"modified":"2014-11-03T13:16:41","modified_gmt":"2014-11-03T13:16:41","slug":"menu-wigilijne-iii","status":"publish","type":"page","link":"https:\/\/inspiracjacatering.pl\/?page_id=262","title":{"rendered":"Menu wigilijne III"},"content":{"rendered":"<p align=\"CENTER\"><span style=\"font-family: 'Comic Sans MS', serif;\"><span style=\"font-size: medium;\"><b>INSPIRACJA CATERING<\/b><\/span><\/span><\/p>\n<p align=\"CENTER\"><span style=\"font-family: 'Comic Sans MS', serif;\"><span style=\"font-size: medium;\"><b>\u0141ukasz Wasilewski<\/b><\/span><\/span><\/p>\n<p align=\"CENTER\"><span style=\"font-family: 'Comic Sans MS', serif;\"><span style=\"font-size: medium;\"><b>Tel.kont. 502293097<\/b><\/span><\/span><\/p>\n<p align=\"CENTER\"><span style=\"font-family: 'Comic Sans MS', serif;\"><span style=\"font-size: medium;\"><span lang=\"pl-PL\"><b>MENU W<\/b><\/span><\/span><\/span><span style=\"font-family: 'Comic Sans MS', serif;\"><span lang=\"pl-PL\"><b>IGILIJNE<\/b><\/span><\/span><\/p>\n<p align=\"CENTER\"><span style=\"font-family: 'Comic Sans MS', serif;\"><b>Propozycja III<\/b><\/span><\/p>\n<p align=\"LEFT\"><span style=\"font-family: 'Comic Sans MS', cursive;\"><span style=\"font-size: small;\"><i>Poni\u017csze menu stanowi tylko propozycj\u0119- mo\u017cna je dowolnie modyfikowa\u0107 wed\u0142ug w\u0142asnych gust\u00f3w i upodoba\u0144. U\u0142o\u017cenie ostatecznego menu, kt\u00f3re w pe\u0142ni zaspokoi Pa\u0144stwa oczekiwania, nast\u0119puje w trakcie szczeg\u00f3\u0142owego omawiania imprezy. Cena uzale\u017cniona jest od ostatecznego menu oraz od liczby go\u015bci (przy wi\u0119kszej ilo\u015bci os\u00f3b mo\u017cliwa negocjacja ceny).Serdecznie zach\u0119camy do skorzystania z naszej oferty. <\/i><\/span><\/span><\/p>\n<p align=\"LEFT\"><span style=\"font-family: 'Comic Sans MS', cursive;\"><span style=\"font-size: small;\"><i>W razie jakichkolwiek pyta\u0144 i w\u0105tpliwo\u015bci prosimy o kontakt telefoniczny (502293097) lub mailowy (catering@inspiracjacatering.pl).<\/i><\/span><\/span><\/p>\n<p>&nbsp;<\/p>\n<p><span style=\"font-family: 'Comic Sans MS', serif;\"><span style=\"font-size: medium;\"><b>OBIAD<\/b><\/span><\/span><\/p>\n<p><span style=\"font-family: 'Comic Sans MS', serif;\"><span style=\"font-size: medium;\">-Zupa rybna z warzywami z dodatkiem pomidor\u00f3w krojonych z aromatem \u015bwie\u017cej mi\u0119ty<\/span><\/span><\/p>\n<p><span style=\"font-family: 'Comic Sans MS', serif;\"><span style=\"font-size: medium;\">-Rolada drobiowa zawini\u0119ta w marchewce z cukini\u0105, otulona twaro\u017ckiem, podawana z sosem grzybowym w towarzystwie kurek i klusek szpinakowych z bukietem warzyw<\/span><\/span><\/p>\n<p><span style=\"font-family: 'Comic Sans MS', serif;\"><span style=\"font-size: medium;\"><b>DESER<\/b><\/span><\/span><\/p>\n<p><span style=\"font-family: 'Comic Sans MS', serif;\"><span style=\"font-size: medium;\">-Sernik wypiekany na kruchym cie\u015bcie otulony sosem wi\u015bniowym z aromatem czerwonego wina<\/span><\/span><\/p>\n<p><span style=\"font-family: 'Comic Sans MS', serif;\"><span style=\"font-size: medium;\"><b>ZIMNE PRZEK\u0104SKI<\/b><\/span><\/span><\/p>\n<p><span style=\"font-family: 'Comic Sans MS', serif;\"><span style=\"font-size: medium;\">-\u0141oso\u015b w\u0119dzony owini\u0119ty serkiem zio\u0142owym<\/span><\/span><\/p>\n<p><span style=\"font-family: 'Comic Sans MS', serif;\"><span style=\"font-size: medium;\">-Kapu\u015bniaczki zawini\u0119te w cie\u015bcie z dodatkiem aromatycznych grzyb\u00f3w<\/span><\/span><\/p>\n<p><span style=\"font-family: 'Comic Sans MS', serif;\"><span style=\"font-size: medium;\">-Duet z \u0142ososia i pstr\u0105ga w\u0119dzonego owini\u0119ty w algach morskich<\/span><\/span><\/p>\n<p><span style=\"font-family: 'Comic Sans MS', serif;\"><span style=\"font-size: medium;\">-Kruche babeczki nadziewane tatarem ze \u015bledzia<\/span><\/span><\/p>\n<p align=\"LEFT\"><span style=\"font-family: 'Comic Sans MS', serif;\"><span style=\"font-size: medium;\"><b>NAPOJE<\/b><\/span><\/span><\/p>\n<p align=\"LEFT\"><span style=\"font-family: 'Comic Sans MS', serif;\"><span style=\"font-size: medium;\">-Kompot z suszu- 0,3l\/os<\/span><\/span><\/p>\n<p align=\"LEFT\"><span style=\"font-family: 'Comic Sans MS', serif;\"><span style=\"font-size: medium;\">-Napoje i woda- 0,5l\/os<\/span><\/span><\/p>\n<p align=\"LEFT\"><span style=\"font-family: 'Comic Sans MS', serif;\"><span style=\"font-size: medium;\">-Kawa i herbata z dodatkami (cukier, mleko, cytryna) bez limitu<\/span><\/span><\/p>\n<p align=\"LEFT\"><span style=\"font-family: 'Comic Sans MS', serif;\"><span style=\"font-size: medium;\"><b>W cen\u0119 wliczono obs\u0142ug\u0119 kelnersk\u0105, zastaw\u0119 sto\u0142ow\u0105, obrusy, falbany, dekoracj\u0119 \u015bwi\u0105teczn\u0105 (stroiki, \u015bwiece, serwetki)<\/b><\/span><\/span><\/p>\n","protected":false},"excerpt":{"rendered":"<p>INSPIRACJA CATERING \u0141ukasz Wasilewski Tel.kont. 502293097 MENU WIGILIJNE Propozycja III Poni\u017csze menu stanowi tylko propozycj\u0119- mo\u017cna je dowolnie modyfikowa\u0107 wed\u0142ug w\u0142asnych gust\u00f3w i upodoba\u0144. U\u0142o\u017cenie ostatecznego menu, kt\u00f3re w pe\u0142ni zaspokoi Pa\u0144stwa oczekiwania, nast\u0119puje w trakcie szczeg\u00f3\u0142owego omawiania imprezy. Cena uzale\u017cniona jest od ostatecznego menu oraz od liczby go\u015bci (przy wi\u0119kszej ilo\u015bci os\u00f3b mo\u017cliwa negocjacja<\/p>\n","protected":false},"author":2,"featured_media":0,"parent":254,"menu_order":0,"comment_status":"closed","ping_status":"closed","template":"","meta":{"footnotes":""},"aioseo_notices":[],"_links":{"self":[{"href":"https:\/\/inspiracjacatering.pl\/index.php?rest_route=\/wp\/v2\/pages\/262"}],"collection":[{"href":"https:\/\/inspiracjacatering.pl\/index.php?rest_route=\/wp\/v2\/pages"}],"about":[{"href":"https:\/\/inspiracjacatering.pl\/index.php?rest_route=\/wp\/v2\/types\/page"}],"author":[{"embeddable":true,"href":"https:\/\/inspiracjacatering.pl\/index.php?rest_route=\/wp\/v2\/users\/2"}],"replies":[{"embeddable":true,"href":"https:\/\/inspiracjacatering.pl\/index.php?rest_route=%2Fwp%2Fv2%2Fcomments&post=262"}],"version-history":[{"count":1,"href":"https:\/\/inspiracjacatering.pl\/index.php?rest_route=\/wp\/v2\/pages\/262\/revisions"}],"predecessor-version":[{"id":263,"href":"https:\/\/inspiracjacatering.pl\/index.php?rest_route=\/wp\/v2\/pages\/262\/revisions\/263"}],"up":[{"embeddable":true,"href":"https:\/\/inspiracjacatering.pl\/index.php?rest_route=\/wp\/v2\/pages\/254"}],"wp:attachment":[{"href":"https:\/\/inspiracjacatering.pl\/index.php?rest_route=%2Fwp%2Fv2%2Fmedia&parent=262"}],"curies":[{"name":"wp","href":"https:\/\/api.w.org\/{rel}","templated":true}]}}

<p align="CENTER"><span style="font-family: 'Comic Sans MS', serif;"><span style="font-size: medium;"><b>INSPIRACJA CATERING</b></span></span></p>
<p align="CENTER"><span style="font-family: 'Comic Sans MS', serif;"><span style="font-size: medium;"><b>Łukasz Wasilewski</b></span></span></p>
<p align="CENTER"><span style="font-family: 'Comic Sans MS', serif;"><span style="font-size: medium;"><b>Tel.kont. 502293097</b></span></span></p>
<p align="CENTER"><span style="font-family: 'Comic Sans MS', serif;"><span style="font-size: medium;"><span lang="pl-PL"><b>MENU W</b></span></span></span><span style="font-family: 'Comic Sans MS', serif;"><span lang="pl-PL"><b>IGILIJNE</b></span></span></p>
<p align="CENTER"><span style="font-family: 'Comic Sans MS', serif;"><b>Propozycja III</b></span></p>
<p align="LEFT"><span style="font-family: 'Comic Sans MS', cursive;"><span style="font-size: small;"><i>Poniższe menu stanowi tylko propozycję- można je dowolnie modyfikować według własnych gustów i upodobań. Ułożenie ostatecznego menu, które w pełni zaspokoi Państwa oczekiwania, następuje w trakcie szczegółowego omawiania imprezy. Cena uzależniona jest od ostatecznego menu oraz od liczby gości (przy większej ilości osób możliwa negocjacja ceny).Serdecznie zachęcamy do skorzystania z naszej oferty. </i></span></span></p>
<p align="LEFT"><span style="font-family: 'Comic Sans MS', cursive;"><span style="font-size: small;"><i>W razie jakichkolwiek pytań i wątpliwości prosimy o kontakt telefoniczny (502293097) lub mailowy (catering@inspiracjacatering.pl).</i></span></span></p>
<p>&nbsp;</p>
<p><span style="font-family: 'Comic Sans MS', serif;"><span style="font-size: medium;"><b>OBIAD</b></span></span></p>
<p><span style="font-family: 'Comic Sans MS', serif;"><span style="font-size: medium;">-Zupa rybna z warzywami z dodatkiem pomidorów krojonych z aromatem świeżej mięty</span></span></p>
<p><span style="font-family: 'Comic Sans MS', serif;"><span style="font-size: medium;">-Rolada drobiowa zawinięta w marchewce z cukinią, otulona twarożkiem, podawana z sosem grzybowym w towarzystwie kurek i klusek szpinakowych z bukietem warzyw</span></span></p>
<p><span style="font-family: 'Comic Sans MS', serif;"><span style="font-size: medium;"><b>DESER</b></span></span></p>
<p><span style="font-family: 'Comic Sans MS', serif;"><span style="font-size: medium;">-Sernik wypiekany na kruchym cieście otulony sosem wiśniowym z aromatem czerwonego wina</span></span></p>
<p><span style="font-family: 'Comic Sans MS', serif;"><span style="font-size: medium;"><b>ZIMNE PRZEKĄSKI</b></span></span></p>
<p><span style="font-family: 'Comic Sans MS', serif;"><span style="font-size: medium;">-Łosoś wędzony owinięty serkiem ziołowym</span></span></p>
<p><span style="font-family: 'Comic Sans MS', serif;"><span style="font-size: medium;">-Kapuśniaczki zawinięte w cieście z dodatkiem aromatycznych grzybów</span></span></p>
<p><span style="font-family: 'Comic Sans MS', serif;"><span style="font-size: medium;">-Duet z łososia i pstrąga wędzonego owinięty w algach morskich</span></span></p>
<p><span style="font-family: 'Comic Sans MS', serif;"><span style="font-size: medium;">-Kruche babeczki nadziewane tatarem ze śledzia</span></span></p>
<p align="LEFT"><span style="font-family: 'Comic Sans MS', serif;"><span style="font-size: medium;"><b>NAPOJE</b></span></span></p>
<p align="LEFT"><span style="font-family: 'Comic Sans MS', serif;"><span style="font-size: medium;">-Kompot z suszu- 0,3l/os</span></span></p>
<p align="LEFT"><span style="font-family: 'Comic Sans MS', serif;"><span style="font-size: medium;">-Napoje i woda- 0,5l/os</span></span></p>
<p align="LEFT"><span style="font-family: 'Comic Sans MS', serif;"><span style="font-size: medium;">-Kawa i herbata z dodatkami (cukier, mleko, cytryna) bez limitu</span></span></p>
<p align="LEFT"><span style="font-family: 'Comic Sans MS', serif;"><span style="font-size: medium;"><b>W cenę wliczono obsługę kelnerską, zastawę stołową, obrusy, falbany, dekorację świąteczną (stroiki, świece, serwetki)</b></span></span></p>

<p>INSPIRACJA CATERING Łukasz Wasilewski Tel.kont. 502293097 MENU WIGILIJNE Propozycja III Poniższe menu stanowi tylko propozycję- można je dowolnie modyfikować według własnych gustów i upodobań. Ułożenie ostatecznego menu, które w pełni zaspokoi Państwa oczekiwania, następuje w trakcie szczegółowego omawiania imprezy. Cena uzależniona jest od ostatecznego menu oraz od liczby gości (przy większej ilości osób możliwa negocjacja</p>
