{"id":264,"date":"2014-11-03T13:18:25","date_gmt":"2014-11-03T13:18:25","guid":{"rendered":"http:\/\/inspiracjacatering.pl\/?page_id=264"},"modified":"2014-11-03T13:18:29","modified_gmt":"2014-11-03T13:18:29","slug":"menu-wigilijne-iv","status":"publish","type":"page","link":"https:\/\/inspiracjacatering.pl\/?page_id=264","title":{"rendered":"Menu wigilijne IV"},"content":{"rendered":"<p align=\"CENTER\"><span style=\"font-family: 'Comic Sans MS', serif;\"><span style=\"font-size: medium;\"><b>INSPIRACJA CATERING<\/b><\/span><\/span><\/p>\n<p align=\"CENTER\"><span style=\"font-family: 'Comic Sans MS', serif;\"><span style=\"font-size: medium;\"><b>\u0141ukasz Wasilewski<\/b><\/span><\/span><\/p>\n<p align=\"CENTER\"><span style=\"font-family: 'Comic Sans MS', serif;\"><span style=\"font-size: medium;\"><b>Tel.kont. 502293097<\/b><\/span><\/span><\/p>\n<p align=\"CENTER\"><span style=\"font-family: 'Comic Sans MS', serif;\"><span style=\"font-size: medium;\"><span lang=\"pl-PL\"><b>MENU W<\/b><\/span><\/span><\/span><span style=\"font-family: 'Comic Sans MS', serif;\"><span lang=\"pl-PL\"><b>IGILIJNE<\/b><\/span><\/span><\/p>\n<p align=\"CENTER\"><span style=\"font-family: 'Comic Sans MS', serif;\"><b>Propozycja IV<\/b><\/span><\/p>\n<p align=\"LEFT\"><span style=\"font-family: 'Comic Sans MS', cursive;\"><span style=\"font-size: small;\"><i>Poni\u017csze menu stanowi tylko propozycj\u0119- mo\u017cna je dowolnie modyfikowa\u0107 wed\u0142ug w\u0142asnych gust\u00f3w i upodoba\u0144. U\u0142o\u017cenie ostatecznego menu, kt\u00f3re w pe\u0142ni zaspokoi Pa\u0144stwa oczekiwania, nast\u0119puje w trakcie szczeg\u00f3\u0142owego omawiania imprezy. Cena uzale\u017cniona jest od ostatecznego menu oraz od liczby go\u015bci (przy wi\u0119kszej ilo\u015bci os\u00f3b mo\u017cliwa negocjacja ceny).Serdecznie zach\u0119camy do skorzystania z naszej oferty. <\/i><\/span><\/span><\/p>\n<p align=\"LEFT\"><span style=\"font-family: 'Comic Sans MS', cursive;\"><span style=\"font-size: small;\"><i>W razie jakichkolwiek pyta\u0144 i w\u0105tpliwo\u015bci prosimy o kontakt telefoniczny (502293097) lub mailowy (catering@inspiracjacatering.pl).<\/i><\/span><\/span><\/p>\n<p>&nbsp;<\/p>\n<p><span style=\"font-family: 'Comic Sans MS', serif;\"><span style=\"font-size: medium;\"><b>PRZYSTAWKA<\/b><\/span><\/span><\/p>\n<p><span style=\"font-family: 'Comic Sans MS', serif;\"><span style=\"font-size: medium;\">-Duet tatar\u00f3w: delikatny tatar z \u0142ososia przek\u0142adany ga\u0142\u0105zk\u0105 kopru w towarzystwie \u015bledzia i \u015bwie\u017cego og\u00f3rka, otulony rukol\u0105 i roszponk\u0105, skropionych oliw\u0105 cytrynow\u0105<\/span><\/span><\/p>\n<p><span style=\"font-family: 'Comic Sans MS', serif;\"><span style=\"font-size: medium;\"><b>ZUPA<\/b><\/span><\/span><\/p>\n<p><span style=\"font-family: 'Comic Sans MS', serif;\"><span style=\"font-size: medium;\">-Barszcz z uszkami gotowany na naturalnym zakwasie wed\u0142ug staropolskiej receptury<\/span><\/span><\/p>\n<p><span style=\"font-family: 'Comic Sans MS', serif;\"><span style=\"font-size: medium;\"><b>DRUGIE DANIE<\/b><\/span><\/span><\/p>\n<p><span style=\"font-family: 'Comic Sans MS', serif;\"><span style=\"font-size: medium;\">-Karp marynowany w zio\u0142ach, opr\u00f3szony bu\u0142eczk\u0105 i usma\u017cony na z\u0142oto w towarzystwie ziemniak\u00f3w przebijanych z mase\u0142kiem oraz kapusty kiszonej z kminkiem i marchewk\u0105<\/span><\/span><\/p>\n<p><span style=\"font-family: 'Comic Sans MS', serif;\"><span style=\"font-size: medium;\"><b>DESER<\/b><\/span><\/span><\/p>\n<p><span style=\"font-family: 'Comic Sans MS', serif;\"><span style=\"font-size: medium;\">-Szarlotka podawana na lustrze malinowym podawana z czekolad\u0105 i bit\u0105 \u015bmietan\u0105<\/span><\/span><\/p>\n<p><span style=\"font-family: 'Comic Sans MS', serif;\"><span style=\"font-size: medium;\"><b>NAPOJE<\/b><\/span><\/span><\/p>\n<p><span style=\"font-family: 'Comic Sans MS', serif;\">-Kompot z suszu<\/span><\/p>\n<p><span style=\"font-family: 'Comic Sans MS', serif;\">-Napoje, woda- 0,5l\/os.<\/span><\/p>\n<p><span style=\"font-family: 'Comic Sans MS', serif;\">-Kawa i herbata z dodatkami (cukier, mleko, cytryna) bez limitu<\/span><\/p>\n<p align=\"LEFT\"><span style=\"font-family: 'Comic Sans MS', serif;\"><span style=\"font-size: medium;\"><b>W cen\u0119 wliczono obs\u0142ug\u0119 kelnersk\u0105, zastaw\u0119 sto\u0142ow\u0105, obrusy, falbany, dekoracj\u0119 \u015bwi\u0105teczn\u0105 (stroiki, \u015bwiece, serwetki)<\/b><\/span><\/span><\/p>\n","protected":false},"excerpt":{"rendered":"<p>INSPIRACJA CATERING \u0141ukasz Wasilewski Tel.kont. 502293097 MENU WIGILIJNE Propozycja IV Poni\u017csze menu stanowi tylko propozycj\u0119- mo\u017cna je dowolnie modyfikowa\u0107 wed\u0142ug w\u0142asnych gust\u00f3w i upodoba\u0144. U\u0142o\u017cenie ostatecznego menu, kt\u00f3re w pe\u0142ni zaspokoi Pa\u0144stwa oczekiwania, nast\u0119puje w trakcie szczeg\u00f3\u0142owego omawiania imprezy. Cena uzale\u017cniona jest od ostatecznego menu oraz od liczby go\u015bci (przy wi\u0119kszej ilo\u015bci os\u00f3b mo\u017cliwa negocjacja<\/p>\n","protected":false},"author":2,"featured_media":0,"parent":254,"menu_order":0,"comment_status":"closed","ping_status":"closed","template":"","meta":{"footnotes":""},"aioseo_notices":[],"_links":{"self":[{"href":"https:\/\/inspiracjacatering.pl\/index.php?rest_route=\/wp\/v2\/pages\/264"}],"collection":[{"href":"https:\/\/inspiracjacatering.pl\/index.php?rest_route=\/wp\/v2\/pages"}],"about":[{"href":"https:\/\/inspiracjacatering.pl\/index.php?rest_route=\/wp\/v2\/types\/page"}],"author":[{"embeddable":true,"href":"https:\/\/inspiracjacatering.pl\/index.php?rest_route=\/wp\/v2\/users\/2"}],"replies":[{"embeddable":true,"href":"https:\/\/inspiracjacatering.pl\/index.php?rest_route=%2Fwp%2Fv2%2Fcomments&post=264"}],"version-history":[{"count":1,"href":"https:\/\/inspiracjacatering.pl\/index.php?rest_route=\/wp\/v2\/pages\/264\/revisions"}],"predecessor-version":[{"id":265,"href":"https:\/\/inspiracjacatering.pl\/index.php?rest_route=\/wp\/v2\/pages\/264\/revisions\/265"}],"up":[{"embeddable":true,"href":"https:\/\/inspiracjacatering.pl\/index.php?rest_route=\/wp\/v2\/pages\/254"}],"wp:attachment":[{"href":"https:\/\/inspiracjacatering.pl\/index.php?rest_route=%2Fwp%2Fv2%2Fmedia&parent=264"}],"curies":[{"name":"wp","href":"https:\/\/api.w.org\/{rel}","templated":true}]}}